{"id":475,"date":"2026-01-15T14:58:17","date_gmt":"2026-01-15T14:58:17","guid":{"rendered":"https:\/\/qualair.fr\/?page_id=475"},"modified":"2026-04-01T14:04:29","modified_gmt":"2026-04-01T14:04:29","slug":"regles-dutilisation-des-donnees-et-de-publication","status":"publish","type":"page","link":"https:\/\/qualair.fr\/index.php\/regles-dutilisation-des-donnees-et-de-publication\/","title":{"rendered":"R\u00e8gles d&rsquo;utilisation des donn\u00e9es et de publication"},"content":{"rendered":"\n<h3 class=\"wp-block-heading\">Utilisation des donn\u00e9es et publications associ\u00e9es<\/h3>\n\n\n\n<p>Les donn\u00e9es produites <strong>par le biais de la plateforme QUALAIR<\/strong> sont issues d\u2019activit\u00e9s instrumentales coordonn\u00e9es dans le cadre de la plateforme, qu\u2019elles proviennent :<\/p>\n\n\n\n<ul class=\"wp-block-list\">\n<li>d\u2019instruments <strong>h\u00e9berg\u00e9s au sein de l\u2019infrastructure QUALAIR<\/strong> (campus Pierre-et-Marie-Curie, Sorbonne Universit\u00e9),<\/li>\n\n\n\n<li>ou d\u2019instruments relevant du <strong>parc instrumental de QUALAIR<\/strong>, qu\u2019ils soient op\u00e9r\u00e9s sur site ou d\u00e9ploy\u00e9s hors site.<\/li>\n<\/ul>\n\n\n\n<p>Dans tous les cas, ces donn\u00e9es rel\u00e8vent de la plateforme QUALAIR.<\/p>\n\n\n\n<hr class=\"wp-block-separator has-alpha-channel-opacity\"\/>\n\n\n\n<h3 class=\"wp-block-heading\">Information du comit\u00e9 de direction<\/h3>\n\n\n\n<p>Toute publication (article, communication \u00e0 conf\u00e9rence, rapport, th\u00e8se, etc.) utilisant des donn\u00e9es acquises par le biais de la plateforme QUALAIR doit \u00eatre <strong>port\u00e9e \u00e0 la connaissance du comit\u00e9 de direction de la plateforme<\/strong>, au plus tard au moment de la soumission.<\/p>\n\n\n\n<p>Cette information peut \u00eatre transmise simplement par <a href=\"https:\/\/qualair.fr\/index.php\/en\/contact-2\/\" data-type=\"page\" data-id=\"378\">courriel<\/a>.<\/p>\n\n\n\n<hr class=\"wp-block-separator has-alpha-channel-opacity\"\/>\n\n\n\n<h3 class=\"wp-block-heading\">Co-signature des publications<\/h3>\n\n\n\n<p>En fonction du niveau d\u2019implication des personnels de QUALAIR dans :<\/p>\n\n\n\n<ul class=\"wp-block-list\">\n<li>la mise en \u0153uvre des instruments,<\/li>\n\n\n\n<li>l\u2019acquisition des donn\u00e9es,<\/li>\n\n\n\n<li>la maintenance, le traitement ou l\u2019exploitation des donn\u00e9es,<\/li>\n<\/ul>\n\n\n\n<p>une <strong>co-signature des publications<\/strong> peut \u00eatre propos\u00e9e.<br>Cette question est discut\u00e9e <strong>au cas par cas<\/strong>, en lien avec le <a href=\"https:\/\/qualair.fr\/index.php\/contact\/\" data-type=\"page\" data-id=\"114\">comit\u00e9 de direction<\/a> de la plateforme, conform\u00e9ment aux pratiques scientifiques usuelles.<\/p>\n\n\n\n<hr class=\"wp-block-separator has-alpha-channel-opacity\"\/>\n\n\n\n<h3 class=\"wp-block-heading\">Mention de la plateforme dans les publications<\/h3>\n\n\n\n<p>Toute publication utilisant des donn\u00e9es acquises par le biais de la plateforme QUALAIR doit comporter, <strong>a minima<\/strong>, la mention suivante dans les remerciements :<\/p>\n\n\n\n<blockquote class=\"wp-block-quote is-layout-flow wp-block-quote-is-layout-flow\">\n<p><em>\u00ab\u00a0The authors would like to acknowledge the QUALAIR team and infrastructure for their scientific support. QUALAIR is an observation platform of the OSU Ecce Terra of Sorbonne University operated by LATMOS with the support of IPSL.\u00a0\u00bb<\/em><\/p>\n<\/blockquote>\n\n\n\n<p>Cette mention contribue \u00e0 la <strong>visibilit\u00e9 de la plateforme<\/strong>, \u00e0 la reconnaissance du travail collectif et au suivi institutionnel de ses activit\u00e9s.<\/p>\n\n\n\n<hr class=\"wp-block-separator has-alpha-channel-opacity\"\/>\n\n\n\n<h3 class=\"wp-block-heading\">Besoin d\u2019information ou de clarification<\/h3>\n\n\n\n<p>Pour toute question relative \u00e0 l\u2019utilisation des donn\u00e9es, aux publications ou aux r\u00e8gles associ\u00e9es, les usagers sont invit\u00e9s \u00e0 <a href=\"https:\/\/qualair.fr\/index.php\/en\/contact-2\/\" data-type=\"page\" data-id=\"378\">contacter le comit\u00e9 de direction de QUALAIR<\/a>.<\/p>\n\n\n\n<blockquote class=\"wp-block-quote is-layout-flow wp-block-quote-is-layout-flow\">\n<p>Ces r\u00e8gles s\u2019inscrivent dans le cadre du r\u00e8glement int\u00e9rieur de la plateforme QUALAIR et visent \u00e0 garantir un fonctionnement transparent et \u00e9quitable pour l\u2019ensemble des usagers.<\/p>\n<\/blockquote>\n\n\n\n<p><\/p>\n","protected":false},"excerpt":{"rendered":"<p>Utilisation des donn\u00e9es et publications associ\u00e9es Les donn\u00e9es produites par le biais de la plateforme QUALAIR sont issues d\u2019activit\u00e9s instrumentales coordonn\u00e9es dans le cadre de<\/p>\n","protected":false},"author":3,"featured_media":0,"parent":0,"menu_order":0,"comment_status":"closed","ping_status":"closed","template":"","meta":{"footnotes":""},"class_list":["post-475","page","type-page","status-publish","hentry"],"_links":{"self":[{"href":"https:\/\/qualair.fr\/index.php\/wp-json\/wp\/v2\/pages\/475","targetHints":{"allow":["GET"]}}],"collection":[{"href":"https:\/\/qualair.fr\/index.php\/wp-json\/wp\/v2\/pages"}],"about":[{"href":"https:\/\/qualair.fr\/index.php\/wp-json\/wp\/v2\/types\/page"}],"author":[{"embeddable":true,"href":"https:\/\/qualair.fr\/index.php\/wp-json\/wp\/v2\/users\/3"}],"replies":[{"embeddable":true,"href":"https:\/\/qualair.fr\/index.php\/wp-json\/wp\/v2\/comments?post=475"}],"version-history":[{"count":1,"href":"https:\/\/qualair.fr\/index.php\/wp-json\/wp\/v2\/pages\/475\/revisions"}],"predecessor-version":[{"id":503,"href":"https:\/\/qualair.fr\/index.php\/wp-json\/wp\/v2\/pages\/475\/revisions\/503"}],"wp:attachment":[{"href":"https:\/\/qualair.fr\/index.php\/wp-json\/wp\/v2\/media?parent=475"}],"curies":[{"name":"wp","href":"https:\/\/api.w.org\/{rel}","templated":true}]}}